{"id":2988,"date":"2026-02-22T19:24:04","date_gmt":"2026-02-22T18:24:04","guid":{"rendered":"https:\/\/www.ambert2026.fr\/?page_id=2988"},"modified":"2026-02-22T19:43:57","modified_gmt":"2026-02-22T18:43:57","slug":"grande-reussite-pour-notre-1ere-reunion-publique","status":"publish","type":"page","link":"https:\/\/www.ambert2026.fr\/?page_id=2988","title":{"rendered":"Grande r\u00e9ussite pour notre 1\u00e8re r\u00e9union publique !"},"content":{"rendered":"\t\t<div data-elementor-type=\"wp-page\" data-elementor-id=\"2988\" class=\"elementor elementor-2988\" data-elementor-post-type=\"page\">\n\t\t\t\t<div class=\"elementor-element elementor-element-74e4a24 e-flex e-con-boxed e-con e-parent\" data-id=\"74e4a24\" data-element_type=\"container\" data-e-type=\"container\">\n\t\t\t\t\t<div class=\"e-con-inner\">\n\t\t\t\t<div class=\"elementor-element elementor-element-f2cdb5d elementor-widget elementor-widget-heading\" data-id=\"f2cdb5d\" data-element_type=\"widget\" data-e-type=\"widget\" data-widget_type=\"heading.default\">\n\t\t\t\t<div class=\"elementor-widget-container\">\n\t\t\t\t\t<h2 class=\"elementor-heading-title elementor-size-default\">Grande r\u00e9ussite pour notre 1\u00e8re r\u00e9union publique !<\/h2>\t\t\t\t<\/div>\n\t\t\t\t<\/div>\n\t\t\t\t\t<\/div>\n\t\t\t\t<\/div>\n\t\t<div class=\"elementor-element elementor-element-3a8e9b3 e-grid e-con-boxed e-con e-parent\" data-id=\"3a8e9b3\" data-element_type=\"container\" data-e-type=\"container\">\n\t\t\t\t\t<div class=\"e-con-inner\">\n\t\t\t\t<div class=\"elementor-element elementor-element-29764b6 elementor-widget elementor-widget-text-editor\" data-id=\"29764b6\" data-element_type=\"widget\" data-e-type=\"widget\" data-widget_type=\"text-editor.default\">\n\t\t\t\t<div class=\"elementor-widget-container\">\n\t\t\t\t\t\t\t\t\t<div class=\"xdj266r x14z9mp xat24cr x1lziwak x1vvkbs x126k92a\"><h6 dir=\"auto\"><span class=\"html-span xexx8yu xyri2b x18d9i69 x1c1uobl x1hl2dhg x16tdsg8 x1vvkbs x3nfvp2 x1j61x8r x1fcty0u xdj266r xat24cr xm2jcoa x1mpyi22 xxymvpz xlup9mm x1kky2od\"><img decoding=\"async\" class=\"xz74otr x15mokao x1ga7v0g x16uus16 xbiv7yw\" src=\"https:\/\/static.xx.fbcdn.net\/images\/emoji.php\/v9\/t9d\/2\/16\/1f44f.png\" alt=\"\ud83d\udc4f\" width=\"16\" height=\"16\" \/><\/span><span class=\"html-span xexx8yu xyri2b x18d9i69 x1c1uobl x1hl2dhg x16tdsg8 x1vvkbs x3nfvp2 x1j61x8r x1fcty0u xdj266r xat24cr xm2jcoa x1mpyi22 xxymvpz xlup9mm x1kky2od\"><img decoding=\"async\" class=\"xz74otr x15mokao x1ga7v0g x16uus16 xbiv7yw\" src=\"https:\/\/static.xx.fbcdn.net\/images\/emoji.php\/v9\/t9d\/2\/16\/1f44f.png\" alt=\"\ud83d\udc4f\" width=\"16\" height=\"16\" \/><\/span><strong> Succ\u00e8s massif \u00e0 Ambert en Sc\u00e8ne !<\/strong> <span class=\"html-span xexx8yu xyri2b x18d9i69 x1c1uobl x1hl2dhg x16tdsg8 x1vvkbs x3nfvp2 x1j61x8r x1fcty0u xdj266r xat24cr xm2jcoa x1mpyi22 xxymvpz xlup9mm x1kky2od\"><img decoding=\"async\" class=\"xz74otr x15mokao x1ga7v0g x16uus16 xbiv7yw\" src=\"https:\/\/static.xx.fbcdn.net\/images\/emoji.php\/v9\/t9d\/2\/16\/1f44f.png\" alt=\"\ud83d\udc4f\" width=\"16\" height=\"16\" \/><\/span><span class=\"html-span xexx8yu xyri2b x18d9i69 x1c1uobl x1hl2dhg x16tdsg8 x1vvkbs x3nfvp2 x1j61x8r x1fcty0u xdj266r xat24cr xm2jcoa x1mpyi22 xxymvpz xlup9mm x1kky2od\"><img decoding=\"async\" class=\"xz74otr x15mokao x1ga7v0g x16uus16 xbiv7yw\" src=\"https:\/\/static.xx.fbcdn.net\/images\/emoji.php\/v9\/t9d\/2\/16\/1f44f.png\" alt=\"\ud83d\udc4f\" width=\"16\" height=\"16\" \/><\/span><\/h6><\/div><div class=\"x14z9mp xat24cr x1lziwak x1vvkbs xtlvy1s x126k92a\"><div dir=\"auto\"><span class=\"html-span xexx8yu xyri2b x18d9i69 x1c1uobl x1hl2dhg x16tdsg8 x1vvkbs x3nfvp2 x1j61x8r x1fcty0u xdj266r xat24cr xm2jcoa x1mpyi22 xxymvpz xlup9mm x1kky2od\"><img decoding=\"async\" class=\"xz74otr x15mokao x1ga7v0g x16uus16 xbiv7yw\" src=\"https:\/\/static.xx.fbcdn.net\/images\/emoji.php\/v9\/tf\/2\/16\/2139.png\" alt=\"\u2139\ufe0f\" width=\"16\" height=\"16\" \/><\/span> Pr\u00e8s de 300 Ambertois ont rempli la salle d&rsquo;Ambert en Sc\u00e8ne le jeudi 19 f\u00e9vrier pour notre r\u00e9union de pr\u00e9sentation des 29 engagements d&rsquo;Ambert 2026 : faire \u00e9quipe pour<\/div><div dir=\"auto\">changer.<\/div><div dir=\"auto\">\u00a0<\/div><\/div><div class=\"x14z9mp xat24cr x1lziwak x1vvkbs xtlvy1s x126k92a\"><div dir=\"auto\"><span class=\"html-span xdj266r x14z9mp xat24cr x1lziwak xexx8yu xyri2b x18d9i69 x1c1uobl x1hl2dhg x16tdsg8 x1vvkbs\"><a class=\"x1i10hfl xjbqb8w x1ejq31n x18oe1m7 x1sy0etr xstzfhl x972fbf x10w94by x1qhh985 x14e42zd x9f619 x1ypdohk xt0psk2 x3ct3a4 xdj266r x14z9mp xat24cr x1lziwak xexx8yu xyri2b x18d9i69 x1c1uobl x16tdsg8 x1hl2dhg xggy1nq x1a2a7pz xkrqix3 x1sur9pj x1fey0fg x1s688f\" tabindex=\"0\" role=\"link\" href=\"https:\/\/www.facebook.com\/didier.dore.169?__cft__[0]=AZaANoBEGuB-7TyYYTb3GHC6d2crdQeIM0Wq6Lkv1ELUoW5j26VTghNYJFj7RFyFVLgj4B50HIgkMKtwP3eK0CoRwXTItdzVjS6EjOpSkClrWLVYIIi4k6da3brrPQ_uC42nJ76XXlFmgUIcVZ6RBUWuQ5hoZrQNer7aP5-8EsQzxnAD0AsjwsCKMNPh_T6SiwyWgAT6TrY8pEhHtMdxNyuS&amp;__tn__=-]K-R\"><span class=\"xt0psk2\"><span class=\"xjp7ctv\">Didier Dor\u00e9<\/span><\/span><\/a><\/span> et nos colistiers ont brill\u00e9 par leurs interventions polyvalentes et leur ma\u00eetrise approfondie des enjeux locaux, d\u00e9montrant la force d&rsquo;une \u00e9quipe diverse et engag\u00e9e pour le territoire <span class=\"html-span xexx8yu xyri2b x18d9i69 x1c1uobl x1hl2dhg x16tdsg8 x1vvkbs x3nfvp2 x1j61x8r x1fcty0u xdj266r xat24cr xm2jcoa x1mpyi22 xxymvpz xlup9mm x1kky2od\"><img decoding=\"async\" class=\"xz74otr x15mokao x1ga7v0g x16uus16 xbiv7yw\" src=\"https:\/\/static.xx.fbcdn.net\/images\/emoji.php\/v9\/t9b\/2\/16\/1f44d.png\" alt=\"\ud83d\udc4d\" width=\"16\" height=\"16\" \/><\/span><\/div><\/div><div class=\"x14z9mp xat24cr x1lziwak x1vvkbs xtlvy1s x126k92a\"><div dir=\"auto\">\u00a0<\/div><div dir=\"auto\">Du jamais vu \u00e0 Ambert : la pr\u00e9sentation de nos comptes de campagne<span class=\"html-span xexx8yu xyri2b x18d9i69 x1c1uobl x1hl2dhg x16tdsg8 x1vvkbs x3nfvp2 x1j61x8r x1fcty0u xdj266r xat24cr xm2jcoa x1mpyi22 xxymvpz xlup9mm x1kky2od\"><img loading=\"lazy\" decoding=\"async\" class=\"xz74otr x15mokao x1ga7v0g x16uus16 xbiv7yw\" src=\"https:\/\/static.xx.fbcdn.net\/images\/emoji.php\/v9\/tff\/2\/16\/1f4b6.png\" alt=\"\ud83d\udcb6\" width=\"16\" height=\"16\" \/><\/span><\/div><div dir=\"auto\">Ils confirment votre soutien massif : adh\u00e9sions, souscriptions et Leetchi financent tout, sans un euro des partis politiques !<\/div><div dir=\"auto\">Une campagne 100% citoyenne et transparente, merci \u00e0 vous ! <span class=\"html-span xexx8yu xyri2b x18d9i69 x1c1uobl x1hl2dhg x16tdsg8 x1vvkbs x3nfvp2 x1j61x8r x1fcty0u xdj266r xat24cr xm2jcoa x1mpyi22 xxymvpz xlup9mm x1kky2od\"><img loading=\"lazy\" decoding=\"async\" class=\"xz74otr x15mokao x1ga7v0g x16uus16 xbiv7yw\" src=\"https:\/\/static.xx.fbcdn.net\/images\/emoji.php\/v9\/t1f\/2\/16\/1f64f.png\" alt=\"\ud83d\ude4f\" width=\"16\" height=\"16\" \/><\/span><\/div><\/div><div class=\"x14z9mp xat24cr x1lziwak x1vvkbs xtlvy1s x126k92a\"><div dir=\"auto\">\u00a0<\/div><\/div><div class=\"x14z9mp xat24cr x1lziwak x1vvkbs xtlvy1s x126k92a\">\u00a0<\/div><div class=\"x14z9mp xat24cr x1lziwak x1vvkbs xtlvy1s x126k92a\"><div dir=\"auto\">\u00a0<\/div><\/div>\t\t\t\t\t\t\t\t<\/div>\n\t\t\t\t<\/div>\n\t\t<div class=\"elementor-element elementor-element-aef894f e-con-full e-flex e-con e-child\" data-id=\"aef894f\" data-element_type=\"container\" data-e-type=\"container\">\n\t\t\t\t<div class=\"elementor-element elementor-element-859a30a elementor-widget elementor-widget-image\" data-id=\"859a30a\" data-element_type=\"widget\" data-e-type=\"widget\" data-widget_type=\"image.default\">\n\t\t\t\t<div class=\"elementor-widget-container\">\n\t\t\t\t\t\t\t\t\t\t\t\t\t\t\t<img loading=\"lazy\" decoding=\"async\" width=\"683\" height=\"1024\" src=\"https:\/\/www.ambert2026.fr\/wp-content\/uploads\/2026\/02\/ZFS_2652-683x1024.webp\" class=\"attachment-large size-large wp-image-2998\" alt=\"\" srcset=\"https:\/\/www.ambert2026.fr\/wp-content\/uploads\/2026\/02\/ZFS_2652-683x1024.webp 683w, https:\/\/www.ambert2026.fr\/wp-content\/uploads\/2026\/02\/ZFS_2652-200x300.webp 200w, https:\/\/www.ambert2026.fr\/wp-content\/uploads\/2026\/02\/ZFS_2652-768x1152.webp 768w, https:\/\/www.ambert2026.fr\/wp-content\/uploads\/2026\/02\/ZFS_2652-1024x1536.webp 1024w, https:\/\/www.ambert2026.fr\/wp-content\/uploads\/2026\/02\/ZFS_2652-scaled.webp 1280w\" sizes=\"(max-width: 683px) 100vw, 683px\" \/>\t\t\t\t\t\t\t\t\t\t\t\t\t\t\t<\/div>\n\t\t\t\t<\/div>\n\t\t\t\t<\/div>\n\t\t\t\t<div class=\"elementor-element elementor-element-015b19f elementor-widget elementor-widget-image\" data-id=\"015b19f\" data-element_type=\"widget\" data-e-type=\"widget\" data-widget_type=\"image.default\">\n\t\t\t\t<div class=\"elementor-widget-container\">\n\t\t\t\t\t\t\t\t\t\t\t\t\t\t\t<img loading=\"lazy\" decoding=\"async\" width=\"800\" height=\"534\" src=\"https:\/\/www.ambert2026.fr\/wp-content\/uploads\/2026\/02\/ZFS_2638-copie-1024x683.webp\" class=\"attachment-large size-large wp-image-2994\" alt=\"\" srcset=\"https:\/\/www.ambert2026.fr\/wp-content\/uploads\/2026\/02\/ZFS_2638-copie-1024x683.webp 1024w, https:\/\/www.ambert2026.fr\/wp-content\/uploads\/2026\/02\/ZFS_2638-copie-300x200.webp 300w, https:\/\/www.ambert2026.fr\/wp-content\/uploads\/2026\/02\/ZFS_2638-copie-768x512.webp 768w, https:\/\/www.ambert2026.fr\/wp-content\/uploads\/2026\/02\/ZFS_2638-copie-1536x1024.webp 1536w, https:\/\/www.ambert2026.fr\/wp-content\/uploads\/2026\/02\/ZFS_2638-copie-scaled.webp 1920w\" sizes=\"(max-width: 800px) 100vw, 800px\" \/>\t\t\t\t\t\t\t\t\t\t\t\t\t\t\t<\/div>\n\t\t\t\t<\/div>\n\t\t\t\t<div class=\"elementor-element elementor-element-fc59ce9 elementor-widget elementor-widget-image\" data-id=\"fc59ce9\" data-element_type=\"widget\" data-e-type=\"widget\" data-widget_type=\"image.default\">\n\t\t\t\t<div class=\"elementor-widget-container\">\n\t\t\t\t\t\t\t\t\t\t\t\t<figure class=\"wp-caption\">\n\t\t\t\t\t\t\t\t\t\t<img loading=\"lazy\" decoding=\"async\" width=\"800\" height=\"534\" src=\"https:\/\/www.ambert2026.fr\/wp-content\/uploads\/2026\/02\/ZFS_2713-copie-1-1024x683.webp\" class=\"attachment-large size-large wp-image-2993\" alt=\"\" srcset=\"https:\/\/www.ambert2026.fr\/wp-content\/uploads\/2026\/02\/ZFS_2713-copie-1-1024x683.webp 1024w, https:\/\/www.ambert2026.fr\/wp-content\/uploads\/2026\/02\/ZFS_2713-copie-1-300x200.webp 300w, https:\/\/www.ambert2026.fr\/wp-content\/uploads\/2026\/02\/ZFS_2713-copie-1-768x512.jpg 768w, https:\/\/www.ambert2026.fr\/wp-content\/uploads\/2026\/02\/ZFS_2713-copie-1-1536x1024.jpg 1536w, https:\/\/www.ambert2026.fr\/wp-content\/uploads\/2026\/02\/ZFS_2713-copie-1-2048x1365.jpg 2048w, https:\/\/www.ambert2026.fr\/wp-content\/uploads\/2026\/02\/ZFS_2713-copie-1-scaled.webp 1920w\" sizes=\"(max-width: 800px) 100vw, 800px\" \/>\t\t\t\t\t\t\t\t\t\t\t<figcaption class=\"widget-image-caption wp-caption-text\">Moment fort : l'intervention, en tant que grand t\u00e9moin, de Jean Aulagnier, maire honoraire (1995-2008), qui a apport\u00e9 son soutien affirm\u00e9 \u00e0 notre projet.<\/figcaption>\n\t\t\t\t\t\t\t\t\t\t<\/figure>\n\t\t\t\t\t\t\t\t\t<\/div>\n\t\t\t\t<\/div>\n\t\t\t\t\t<\/div>\n\t\t\t\t<\/div>\n\t\t<div class=\"elementor-element elementor-element-c1b5e86 e-grid e-con-boxed e-con e-parent\" data-id=\"c1b5e86\" data-element_type=\"container\" data-e-type=\"container\">\n\t\t\t\t\t<div class=\"e-con-inner\">\n\t\t\t\t<div class=\"elementor-element elementor-element-105468d elementor-widget elementor-widget-image\" data-id=\"105468d\" data-element_type=\"widget\" data-e-type=\"widget\" data-widget_type=\"image.default\">\n\t\t\t\t<div class=\"elementor-widget-container\">\n\t\t\t\t\t\t\t\t\t\t\t\t\t\t\t<img loading=\"lazy\" decoding=\"async\" width=\"770\" height=\"1024\" src=\"https:\/\/www.ambert2026.fr\/wp-content\/uploads\/2026\/02\/D758B011-7A1C-4718-926A-E2468E3FA3AC-770x1024.webp\" class=\"attachment-large size-large wp-image-2997\" alt=\"\" srcset=\"https:\/\/www.ambert2026.fr\/wp-content\/uploads\/2026\/02\/D758B011-7A1C-4718-926A-E2468E3FA3AC-770x1024.webp 770w, https:\/\/www.ambert2026.fr\/wp-content\/uploads\/2026\/02\/D758B011-7A1C-4718-926A-E2468E3FA3AC-226x300.webp 226w, https:\/\/www.ambert2026.fr\/wp-content\/uploads\/2026\/02\/D758B011-7A1C-4718-926A-E2468E3FA3AC-768x1021.webp 768w, https:\/\/www.ambert2026.fr\/wp-content\/uploads\/2026\/02\/D758B011-7A1C-4718-926A-E2468E3FA3AC-1156x1536.webp 1156w, https:\/\/www.ambert2026.fr\/wp-content\/uploads\/2026\/02\/D758B011-7A1C-4718-926A-E2468E3FA3AC.webp 1440w\" sizes=\"(max-width: 770px) 100vw, 770px\" \/>\t\t\t\t\t\t\t\t\t\t\t\t\t\t\t<\/div>\n\t\t\t\t<\/div>\n\t\t\t\t<div class=\"elementor-element elementor-element-5d2a283 elementor-widget elementor-widget-image\" data-id=\"5d2a283\" data-element_type=\"widget\" data-e-type=\"widget\" data-widget_type=\"image.default\">\n\t\t\t\t<div class=\"elementor-widget-container\">\n\t\t\t\t\t\t\t\t\t\t\t\t\t\t\t<img loading=\"lazy\" decoding=\"async\" width=\"770\" height=\"1024\" src=\"https:\/\/www.ambert2026.fr\/wp-content\/uploads\/2026\/02\/CDBCABE5-B759-45B9-9CE2-3E170315BCD8-770x1024.webp\" class=\"attachment-large size-large wp-image-2996\" alt=\"\" srcset=\"https:\/\/www.ambert2026.fr\/wp-content\/uploads\/2026\/02\/CDBCABE5-B759-45B9-9CE2-3E170315BCD8-770x1024.webp 770w, https:\/\/www.ambert2026.fr\/wp-content\/uploads\/2026\/02\/CDBCABE5-B759-45B9-9CE2-3E170315BCD8-226x300.webp 226w, https:\/\/www.ambert2026.fr\/wp-content\/uploads\/2026\/02\/CDBCABE5-B759-45B9-9CE2-3E170315BCD8-768x1021.webp 768w, https:\/\/www.ambert2026.fr\/wp-content\/uploads\/2026\/02\/CDBCABE5-B759-45B9-9CE2-3E170315BCD8-1156x1536.webp 1156w, https:\/\/www.ambert2026.fr\/wp-content\/uploads\/2026\/02\/CDBCABE5-B759-45B9-9CE2-3E170315BCD8.webp 1440w\" sizes=\"(max-width: 770px) 100vw, 770px\" \/>\t\t\t\t\t\t\t\t\t\t\t\t\t\t\t<\/div>\n\t\t\t\t<\/div>\n\t\t\t\t<div class=\"elementor-element elementor-element-d420418 elementor-widget elementor-widget-image\" data-id=\"d420418\" data-element_type=\"widget\" data-e-type=\"widget\" data-widget_type=\"image.default\">\n\t\t\t\t<div class=\"elementor-widget-container\">\n\t\t\t\t\t\t\t\t\t\t\t\t\t\t\t<img loading=\"lazy\" decoding=\"async\" width=\"800\" height=\"800\" src=\"https:\/\/www.ambert2026.fr\/wp-content\/uploads\/2026\/02\/B55DEF3F-BEAE-411B-A3E0-8E2919EA695A-1024x1024.webp\" class=\"attachment-large size-large wp-image-2995\" alt=\"\" srcset=\"https:\/\/www.ambert2026.fr\/wp-content\/uploads\/2026\/02\/B55DEF3F-BEAE-411B-A3E0-8E2919EA695A-1024x1024.webp 1024w, https:\/\/www.ambert2026.fr\/wp-content\/uploads\/2026\/02\/B55DEF3F-BEAE-411B-A3E0-8E2919EA695A-300x300.webp 300w, https:\/\/www.ambert2026.fr\/wp-content\/uploads\/2026\/02\/B55DEF3F-BEAE-411B-A3E0-8E2919EA695A-150x150.webp 150w, https:\/\/www.ambert2026.fr\/wp-content\/uploads\/2026\/02\/B55DEF3F-BEAE-411B-A3E0-8E2919EA695A-768x768.webp 768w, https:\/\/www.ambert2026.fr\/wp-content\/uploads\/2026\/02\/B55DEF3F-BEAE-411B-A3E0-8E2919EA695A-1536x1536.webp 1536w, https:\/\/www.ambert2026.fr\/wp-content\/uploads\/2026\/02\/B55DEF3F-BEAE-411B-A3E0-8E2919EA695A.webp 1920w\" sizes=\"(max-width: 800px) 100vw, 800px\" \/>\t\t\t\t\t\t\t\t\t\t\t\t\t\t\t<\/div>\n\t\t\t\t<\/div>\n\t\t\t\t\t<\/div>\n\t\t\t\t<\/div>\n\t\t<div class=\"elementor-element elementor-element-ad001a4 e-flex e-con-boxed e-con e-parent\" data-id=\"ad001a4\" data-element_type=\"container\" data-e-type=\"container\">\n\t\t\t\t\t<div class=\"e-con-inner\">\n\t\t<div class=\"elementor-element elementor-element-444d513 e-con-full e-flex e-con e-child\" data-id=\"444d513\" data-element_type=\"container\" data-e-type=\"container\">\n\t\t\t\t<div class=\"elementor-element elementor-element-09c9f97 elementor-widget elementor-widget-spacer\" data-id=\"09c9f97\" data-element_type=\"widget\" data-e-type=\"widget\" data-widget_type=\"spacer.default\">\n\t\t\t\t<div class=\"elementor-widget-container\">\n\t\t\t\t\t\t\t<div class=\"elementor-spacer\">\n\t\t\t<div class=\"elementor-spacer-inner\"><\/div>\n\t\t<\/div>\n\t\t\t\t\t\t<\/div>\n\t\t\t\t<\/div>\n\t\t\t\t<\/div>\n\t\t\t\t\t<\/div>\n\t\t\t\t<\/div>\n\t\t<div class=\"elementor-element elementor-element-4b032c3 e-grid e-con-boxed e-con e-parent\" data-id=\"4b032c3\" data-element_type=\"container\" data-e-type=\"container\">\n\t\t\t\t\t<div class=\"e-con-inner\">\n\t\t\t\t<div class=\"elementor-element elementor-element-60a5d9d elementor-widget elementor-widget-text-editor\" data-id=\"60a5d9d\" data-element_type=\"widget\" data-e-type=\"widget\" data-widget_type=\"text-editor.default\">\n\t\t\t\t<div class=\"elementor-widget-container\">\n\t\t\t\t\t\t\t\t\t<div class=\"x14z9mp xat24cr x1lziwak x1vvkbs xtlvy1s x126k92a\"><h5 dir=\"auto\">La soir\u00e9e s&rsquo;est conclue en apoth\u00e9ose par le discours de Didier Dor\u00e9, un discours politique argument\u00e9, sans langue de bois, largement applaudi par l&rsquo;assembl\u00e9e <span class=\"html-span xexx8yu xyri2b x18d9i69 x1c1uobl x1hl2dhg x16tdsg8 x1vvkbs x3nfvp2 x1j61x8r x1fcty0u xdj266r xat24cr xm2jcoa x1mpyi22 xxymvpz xlup9mm x1kky2od\"><img decoding=\"async\" class=\"xz74otr x15mokao x1ga7v0g x16uus16 xbiv7yw\" src=\"https:\/\/static.xx.fbcdn.net\/images\/emoji.php\/v9\/t9d\/2\/16\/1f44f.png\" alt=\"\ud83d\udc4f\" width=\"16\" height=\"16\" \/><\/span><\/h5><\/div><h5 dir=\"auto\">Cette affluence record refl\u00e8te l&rsquo;int\u00e9r\u00eat des Ambertois pour un vrai changement.<\/h5><div class=\"x14z9mp xat24cr x1lziwak x1vvkbs xtlvy1s x126k92a\"><h5 dir=\"auto\"><span class=\"html-span xexx8yu xyri2b x18d9i69 x1c1uobl x1hl2dhg x16tdsg8 x1vvkbs x3nfvp2 x1j61x8r x1fcty0u xdj266r xat24cr xm2jcoa x1mpyi22 xxymvpz xlup9mm x1kky2od\"><img loading=\"lazy\" decoding=\"async\" class=\"xz74otr x15mokao x1ga7v0g x16uus16 xbiv7yw\" src=\"https:\/\/static.xx.fbcdn.net\/images\/emoji.php\/v9\/t63\/2\/16\/270d.png\" alt=\"\u270d\ufe0f\" width=\"16\" height=\"16\" \/><\/span> Nos 29 engagements, co-construits lors de 12 r\u00e9unions de proximit\u00e9 recueillant plus de 1400 contributions, des visites aux acteurs \u00e9conomiques et associatifs et 50 permanences, couvrent tous les fronts :<\/h5><h5 dir=\"auto\">&#8211; sant\u00e9 et m\u00e9decine de proximit\u00e9,<\/h5><h5 dir=\"auto\">&#8211; voierie et soutien aux villages,<\/h5><h5 dir=\"auto\">&#8211; \u00e9conomie dynamique,<\/h5><h5 dir=\"auto\">&#8211; s\u00e9curit\u00e9 renforc\u00e9e,<\/h5><h5 dir=\"auto\">&#8211; \u00e9ducation et jeunesse,<\/h5><h5 dir=\"auto\">&#8211; soutien associatif,<\/h5><h5 dir=\"auto\">&#8211; transition \u00e9cologique juste et adapt\u00e9e au territoire,<\/h5><h5 dir=\"auto\">&#8211; d\u00e9mocratie participative,<\/h5><h5 dir=\"auto\">&#8211; place d\u2019Ambert au sein de la Communaut\u00e9 de communes.<\/h5><\/div>\t\t\t\t\t\t\t\t<\/div>\n\t\t\t\t<\/div>\n\t\t\t\t<div class=\"elementor-element elementor-element-6d638f6 elementor-widget elementor-widget-image\" data-id=\"6d638f6\" data-element_type=\"widget\" data-e-type=\"widget\" data-widget_type=\"image.default\">\n\t\t\t\t<div class=\"elementor-widget-container\">\n\t\t\t\t\t\t\t\t\t\t\t\t\t\t\t<img loading=\"lazy\" decoding=\"async\" width=\"512\" height=\"768\" src=\"https:\/\/www.ambert2026.fr\/wp-content\/uploads\/2026\/02\/IMG_8870.webp\" class=\"attachment-large size-large wp-image-2990\" alt=\"\" srcset=\"https:\/\/www.ambert2026.fr\/wp-content\/uploads\/2026\/02\/IMG_8870.webp 512w, https:\/\/www.ambert2026.fr\/wp-content\/uploads\/2026\/02\/IMG_8870-200x300.webp 200w\" sizes=\"(max-width: 512px) 100vw, 512px\" \/>\t\t\t\t\t\t\t\t\t\t\t\t\t\t\t<\/div>\n\t\t\t\t<\/div>\n\t\t\t\t\t<\/div>\n\t\t\t\t<\/div>\n\t\t<div class=\"elementor-element elementor-element-d912020 e-flex e-con-boxed e-con e-parent\" data-id=\"d912020\" data-element_type=\"container\" data-e-type=\"container\">\n\t\t\t\t\t<div class=\"e-con-inner\">\n\t\t\t\t<div class=\"elementor-element elementor-element-5ab887f elementor-widget elementor-widget-spacer\" data-id=\"5ab887f\" data-element_type=\"widget\" data-e-type=\"widget\" data-widget_type=\"spacer.default\">\n\t\t\t\t<div class=\"elementor-widget-container\">\n\t\t\t\t\t\t\t<div class=\"elementor-spacer\">\n\t\t\t<div class=\"elementor-spacer-inner\"><\/div>\n\t\t<\/div>\n\t\t\t\t\t\t<\/div>\n\t\t\t\t<\/div>\n\t\t\t\t\t<\/div>\n\t\t\t\t<\/div>\n\t\t<div class=\"elementor-element elementor-element-cba3c1e e-grid e-con-boxed e-con e-parent\" data-id=\"cba3c1e\" data-element_type=\"container\" data-e-type=\"container\">\n\t\t\t\t\t<div class=\"e-con-inner\">\n\t\t\t\t<div class=\"elementor-element elementor-element-64bbd87 elementor-widget elementor-widget-image\" data-id=\"64bbd87\" data-element_type=\"widget\" data-e-type=\"widget\" data-widget_type=\"image.default\">\n\t\t\t\t<div class=\"elementor-widget-container\">\n\t\t\t\t\t\t\t\t\t\t\t\t\t\t\t<img loading=\"lazy\" decoding=\"async\" width=\"800\" height=\"453\" src=\"https:\/\/www.ambert2026.fr\/wp-content\/uploads\/2026\/02\/IMG_8845-1024x580.webp\" class=\"attachment-large size-large wp-image-2991\" alt=\"\" srcset=\"https:\/\/www.ambert2026.fr\/wp-content\/uploads\/2026\/02\/IMG_8845-1024x580.webp 1024w, https:\/\/www.ambert2026.fr\/wp-content\/uploads\/2026\/02\/IMG_8845-300x170.webp 300w, https:\/\/www.ambert2026.fr\/wp-content\/uploads\/2026\/02\/IMG_8845-768x435.webp 768w, https:\/\/www.ambert2026.fr\/wp-content\/uploads\/2026\/02\/IMG_8845.webp 1239w\" sizes=\"(max-width: 800px) 100vw, 800px\" \/>\t\t\t\t\t\t\t\t\t\t\t\t\t\t\t<\/div>\n\t\t\t\t<\/div>\n\t\t\t\t<div class=\"elementor-element elementor-element-3e26876 elementor-widget elementor-widget-text-editor\" data-id=\"3e26876\" data-element_type=\"widget\" data-e-type=\"widget\" data-widget_type=\"text-editor.default\">\n\t\t\t\t<div class=\"elementor-widget-container\">\n\t\t\t\t\t\t\t\t\t<div class=\"x14z9mp xat24cr x1lziwak x1vvkbs xtlvy1s x126k92a\"><h5 dir=\"auto\">Prochaines r\u00e9unions publiques :<\/h5><h5 dir=\"auto\">vendredi 13 mars \u00e0 20h, Ambert en Sc\u00e8ne<\/h5><h5 dir=\"auto\">vendredi 20 mars \u00e0 20h, Ambert en Sc\u00e8ne<\/h5><\/div><div class=\"x14z9mp xat24cr x1lziwak x1vvkbs xtlvy1s x126k92a\">\u00a0<\/div><div class=\"x14z9mp xat24cr x1lziwak x1vvkbs xtlvy1s x126k92a\"><div dir=\"auto\">\u00a0<\/div><\/div><div class=\"x14z9mp xat24cr x1lziwak x1vvkbs xtlvy1s x126k92a\"><div dir=\"auto\">(<span class=\"html-span xexx8yu xyri2b x18d9i69 x1c1uobl x1hl2dhg x16tdsg8 x1vvkbs x3nfvp2 x1j61x8r x1fcty0u xdj266r xat24cr xm2jcoa x1mpyi22 xxymvpz xlup9mm x1kky2od\"><img loading=\"lazy\" decoding=\"async\" class=\"xz74otr x15mokao x1ga7v0g x16uus16 xbiv7yw\" src=\"https:\/\/static.xx.fbcdn.net\/images\/emoji.php\/v9\/t62\/2\/16\/a9.png\" alt=\"\u00a9\ufe0f\" width=\"16\" height=\"16\" \/><\/span>cr\u00e9dit photos : merci Michel Sauvadet)<\/div><\/div>\t\t\t\t\t\t\t\t<\/div>\n\t\t\t\t<\/div>\n\t\t\t\t\t<\/div>\n\t\t\t\t<\/div>\n\t\t\t\t<\/div>\n\t\t","protected":false},"excerpt":{"rendered":"<p>Grande r\u00e9ussite pour notre 1\u00e8re r\u00e9union publique ! Succ\u00e8s massif \u00e0 Ambert en Sc\u00e8ne ! Pr\u00e8s de 300 Ambertois ont rempli la salle d&rsquo;Ambert en Sc\u00e8ne le jeudi 19 f\u00e9vrier pour notre r\u00e9union de pr\u00e9sentation des 29 engagements d&rsquo;Ambert 2026 : faire \u00e9quipe pourchanger.\u00a0Didier Dor\u00e9 et nos colistiers ont brill\u00e9 par leurs interventions polyvalentes et [&hellip;]<\/p>\n","protected":false},"author":1,"featured_media":0,"parent":0,"menu_order":0,"comment_status":"closed","ping_status":"closed","template":"","meta":{"footnotes":""},"class_list":["post-2988","page","type-page","status-publish","hentry"],"_links":{"self":[{"href":"https:\/\/www.ambert2026.fr\/index.php?rest_route=\/wp\/v2\/pages\/2988","targetHints":{"allow":["GET"]}}],"collection":[{"href":"https:\/\/www.ambert2026.fr\/index.php?rest_route=\/wp\/v2\/pages"}],"about":[{"href":"https:\/\/www.ambert2026.fr\/index.php?rest_route=\/wp\/v2\/types\/page"}],"author":[{"embeddable":true,"href":"https:\/\/www.ambert2026.fr\/index.php?rest_route=\/wp\/v2\/users\/1"}],"replies":[{"embeddable":true,"href":"https:\/\/www.ambert2026.fr\/index.php?rest_route=%2Fwp%2Fv2%2Fcomments&post=2988"}],"version-history":[{"count":7,"href":"https:\/\/www.ambert2026.fr\/index.php?rest_route=\/wp\/v2\/pages\/2988\/revisions"}],"predecessor-version":[{"id":3004,"href":"https:\/\/www.ambert2026.fr\/index.php?rest_route=\/wp\/v2\/pages\/2988\/revisions\/3004"}],"wp:attachment":[{"href":"https:\/\/www.ambert2026.fr\/index.php?rest_route=%2Fwp%2Fv2%2Fmedia&parent=2988"}],"curies":[{"name":"wp","href":"https:\/\/api.w.org\/{rel}","templated":true}]}}